{"id":71,"date":"2023-01-07T11:52:45","date_gmt":"2023-01-07T10:52:45","guid":{"rendered":"https:\/\/www.embaperu.ch\/consulado\/organizador\/seccion-consular\/"},"modified":"2023-01-07T11:52:45","modified_gmt":"2023-01-07T10:52:45","slug":"seccion-consular","status":"publish","type":"tribe_organizer","link":"https:\/\/www.embaperu.ch\/consulado\/organizador\/seccion-consular\/","title":{"rendered":"Secci\u00f3n Consular"},"content":{"rendered":"","protected":false},"excerpt":{"rendered":"","protected":false},"author":1,"featured_media":0,"template":"","meta":{"rs_blank_template":"","rs_page_bg_color":"","slide_template_v7":"","footnotes":""},"class_list":["post-71","tribe_organizer","type-tribe_organizer","status-publish","hentry"],"yoast_head":"<!-- This site is optimized with the Yoast SEO Premium plugin v27.0 (Yoast SEO v27.5) - https:\/\/yoast.com\/product\/yoast-seo-premium-wordpress\/ -->\n<title>Secci\u00f3n Consular - Secci\u00f3n Consular de la Embajada del Per\u00fa en Suiza<\/title>\n<meta name=\"robots\" content=\"index, follow, max-snippet:-1, max-image-preview:large, max-video-preview:-1\" \/>\n<link rel=\"canonical\" href=\"https:\/\/www.embaperu.ch\/consulado\/organizador\/seccion-consular\/\" \/>\n<meta property=\"og:locale\" content=\"es_ES\" \/>\n<meta property=\"og:type\" content=\"article\" \/>\n<meta property=\"og:title\" content=\"Secci\u00f3n Consular\" \/>\n<meta property=\"og:url\" content=\"https:\/\/www.embaperu.ch\/consulado\/organizador\/seccion-consular\/\" \/>\n<meta property=\"og:site_name\" content=\"Secci\u00f3n Consular de la Embajada del Per\u00fa en Suiza\" \/>\n<meta property=\"article:publisher\" content=\"https:\/\/www.facebook.com\/EmbajadaPeruSuiza\/\" \/>\n<meta name=\"twitter:card\" content=\"summary_large_image\" \/>\n<meta name=\"twitter:site\" content=\"@Peruensuiza\" \/>\n<script type=\"application\/ld+json\" class=\"yoast-schema-graph\">{\"@context\":\"https:\\\/\\\/schema.org\",\"@graph\":[{\"@type\":\"WebPage\",\"@id\":\"https:\\\/\\\/www.embaperu.ch\\\/consulado\\\/organizador\\\/seccion-consular\\\/\",\"url\":\"https:\\\/\\\/www.embaperu.ch\\\/consulado\\\/organizador\\\/seccion-consular\\\/\",\"name\":\"Secci\u00f3n Consular - Secci\u00f3n Consular de la Embajada del Per\u00fa en Suiza\",\"isPartOf\":{\"@id\":\"https:\\\/\\\/www.embaperu.ch\\\/consulado\\\/#website\"},\"datePublished\":\"2023-01-07T10:52:45+00:00\",\"breadcrumb\":{\"@id\":\"https:\\\/\\\/www.embaperu.ch\\\/consulado\\\/organizador\\\/seccion-consular\\\/#breadcrumb\"},\"inLanguage\":\"es\",\"potentialAction\":[{\"@type\":\"ReadAction\",\"target\":[\"https:\\\/\\\/www.embaperu.ch\\\/consulado\\\/organizador\\\/seccion-consular\\\/\"]}]},{\"@type\":\"BreadcrumbList\",\"@id\":\"https:\\\/\\\/www.embaperu.ch\\\/consulado\\\/organizador\\\/seccion-consular\\\/#breadcrumb\",\"itemListElement\":[{\"@type\":\"ListItem\",\"position\":1,\"name\":\"Portada\",\"item\":\"https:\\\/\\\/www.embaperu.ch\\\/consulado\\\/\"},{\"@type\":\"ListItem\",\"position\":2,\"name\":\"Secci\u00f3n Consular\"}]},{\"@type\":\"WebSite\",\"@id\":\"https:\\\/\\\/www.embaperu.ch\\\/consulado\\\/#website\",\"url\":\"https:\\\/\\\/www.embaperu.ch\\\/consulado\\\/\",\"name\":\"Secci\u00f3n Consular de la Embajada del Per\u00fa en Suiza\",\"description\":\"Sistema de reserva de citas\",\"publisher\":{\"@id\":\"https:\\\/\\\/www.embaperu.ch\\\/consulado\\\/#organization\"},\"alternateName\":\"Secci\u00f3n Consular en Berna\",\"potentialAction\":[{\"@type\":\"SearchAction\",\"target\":{\"@type\":\"EntryPoint\",\"urlTemplate\":\"https:\\\/\\\/www.embaperu.ch\\\/consulado\\\/?s={search_term_string}\"},\"query-input\":{\"@type\":\"PropertyValueSpecification\",\"valueRequired\":true,\"valueName\":\"search_term_string\"}}],\"inLanguage\":\"es\"},{\"@type\":\"Organization\",\"@id\":\"https:\\\/\\\/www.embaperu.ch\\\/consulado\\\/#organization\",\"name\":\"Secci\u00f3n Consular de la Embajada del Per\u00fa en Suiza\",\"alternateName\":\"Secci\u00f3n Consular en Berna\",\"url\":\"https:\\\/\\\/www.embaperu.ch\\\/consulado\\\/\",\"logo\":{\"@type\":\"ImageObject\",\"inLanguage\":\"es\",\"@id\":\"https:\\\/\\\/www.embaperu.ch\\\/consulado\\\/#\\\/schema\\\/logo\\\/image\\\/\",\"url\":\"https:\\\/\\\/www.embaperu.ch\\\/consulado\\\/wp-content\\\/uploads\\\/2023\\\/01\\\/logo-embaperu-Seccion-Consular.png\",\"contentUrl\":\"https:\\\/\\\/www.embaperu.ch\\\/consulado\\\/wp-content\\\/uploads\\\/2023\\\/01\\\/logo-embaperu-Seccion-Consular.png\",\"width\":942,\"height\":789,\"caption\":\"Secci\u00f3n Consular de la Embajada del Per\u00fa en Suiza\"},\"image\":{\"@id\":\"https:\\\/\\\/www.embaperu.ch\\\/consulado\\\/#\\\/schema\\\/logo\\\/image\\\/\"},\"sameAs\":[\"https:\\\/\\\/www.facebook.com\\\/EmbajadaPeruSuiza\\\/\",\"https:\\\/\\\/x.com\\\/Peruensuiza\",\"https:\\\/\\\/www.instagram.com\\\/embajadaperusuiza\\\/\"],\"description\":\"Secci\u00f3n Consular de la Embajada del Per\u00fa en Suiza\",\"email\":\"consulado@embaperu.ch\",\"legalName\":\"Embajada del Per\u00fa en Suiza\",\"numberOfEmployees\":{\"@type\":\"QuantitativeValue\",\"minValue\":\"1\",\"maxValue\":\"10\"}}]}<\/script>\n<!-- \/ Yoast SEO Premium plugin. -->","yoast_head_json":{"title":"Secci\u00f3n Consular - Secci\u00f3n Consular de la Embajada del Per\u00fa en Suiza","robots":{"index":"index","follow":"follow","max-snippet":"max-snippet:-1","max-image-preview":"max-image-preview:large","max-video-preview":"max-video-preview:-1"},"canonical":"https:\/\/www.embaperu.ch\/consulado\/organizador\/seccion-consular\/","og_locale":"es_ES","og_type":"article","og_title":"Secci\u00f3n Consular","og_url":"https:\/\/www.embaperu.ch\/consulado\/organizador\/seccion-consular\/","og_site_name":"Secci\u00f3n Consular de la Embajada del Per\u00fa en Suiza","article_publisher":"https:\/\/www.facebook.com\/EmbajadaPeruSuiza\/","twitter_card":"summary_large_image","twitter_site":"@Peruensuiza","schema":{"@context":"https:\/\/schema.org","@graph":[{"@type":"WebPage","@id":"https:\/\/www.embaperu.ch\/consulado\/organizador\/seccion-consular\/","url":"https:\/\/www.embaperu.ch\/consulado\/organizador\/seccion-consular\/","name":"Secci\u00f3n Consular - Secci\u00f3n Consular de la Embajada del Per\u00fa en Suiza","isPartOf":{"@id":"https:\/\/www.embaperu.ch\/consulado\/#website"},"datePublished":"2023-01-07T10:52:45+00:00","breadcrumb":{"@id":"https:\/\/www.embaperu.ch\/consulado\/organizador\/seccion-consular\/#breadcrumb"},"inLanguage":"es","potentialAction":[{"@type":"ReadAction","target":["https:\/\/www.embaperu.ch\/consulado\/organizador\/seccion-consular\/"]}]},{"@type":"BreadcrumbList","@id":"https:\/\/www.embaperu.ch\/consulado\/organizador\/seccion-consular\/#breadcrumb","itemListElement":[{"@type":"ListItem","position":1,"name":"Portada","item":"https:\/\/www.embaperu.ch\/consulado\/"},{"@type":"ListItem","position":2,"name":"Secci\u00f3n Consular"}]},{"@type":"WebSite","@id":"https:\/\/www.embaperu.ch\/consulado\/#website","url":"https:\/\/www.embaperu.ch\/consulado\/","name":"Secci\u00f3n Consular de la Embajada del Per\u00fa en Suiza","description":"Sistema de reserva de citas","publisher":{"@id":"https:\/\/www.embaperu.ch\/consulado\/#organization"},"alternateName":"Secci\u00f3n Consular en Berna","potentialAction":[{"@type":"SearchAction","target":{"@type":"EntryPoint","urlTemplate":"https:\/\/www.embaperu.ch\/consulado\/?s={search_term_string}"},"query-input":{"@type":"PropertyValueSpecification","valueRequired":true,"valueName":"search_term_string"}}],"inLanguage":"es"},{"@type":"Organization","@id":"https:\/\/www.embaperu.ch\/consulado\/#organization","name":"Secci\u00f3n Consular de la Embajada del Per\u00fa en Suiza","alternateName":"Secci\u00f3n Consular en Berna","url":"https:\/\/www.embaperu.ch\/consulado\/","logo":{"@type":"ImageObject","inLanguage":"es","@id":"https:\/\/www.embaperu.ch\/consulado\/#\/schema\/logo\/image\/","url":"https:\/\/www.embaperu.ch\/consulado\/wp-content\/uploads\/2023\/01\/logo-embaperu-Seccion-Consular.png","contentUrl":"https:\/\/www.embaperu.ch\/consulado\/wp-content\/uploads\/2023\/01\/logo-embaperu-Seccion-Consular.png","width":942,"height":789,"caption":"Secci\u00f3n Consular de la Embajada del Per\u00fa en Suiza"},"image":{"@id":"https:\/\/www.embaperu.ch\/consulado\/#\/schema\/logo\/image\/"},"sameAs":["https:\/\/www.facebook.com\/EmbajadaPeruSuiza\/","https:\/\/x.com\/Peruensuiza","https:\/\/www.instagram.com\/embajadaperusuiza\/"],"description":"Secci\u00f3n Consular de la Embajada del Per\u00fa en Suiza","email":"consulado@embaperu.ch","legalName":"Embajada del Per\u00fa en Suiza","numberOfEmployees":{"@type":"QuantitativeValue","minValue":"1","maxValue":"10"}}]}},"_links":{"self":[{"href":"https:\/\/www.embaperu.ch\/consulado\/wp-json\/wp\/v2\/tribe_organizer\/71","targetHints":{"allow":["GET"]}}],"collection":[{"href":"https:\/\/www.embaperu.ch\/consulado\/wp-json\/wp\/v2\/tribe_organizer"}],"about":[{"href":"https:\/\/www.embaperu.ch\/consulado\/wp-json\/wp\/v2\/types\/tribe_organizer"}],"author":[{"embeddable":true,"href":"https:\/\/www.embaperu.ch\/consulado\/wp-json\/wp\/v2\/users\/1"}],"version-history":[{"count":0,"href":"https:\/\/www.embaperu.ch\/consulado\/wp-json\/wp\/v2\/tribe_organizer\/71\/revisions"}],"wp:attachment":[{"href":"https:\/\/www.embaperu.ch\/consulado\/wp-json\/wp\/v2\/media?parent=71"}],"curies":[{"name":"wp","href":"https:\/\/api.w.org\/{rel}","templated":true}]}}

Sección Consular

<!-- This site is optimized with the Yoast SEO Premium plugin v27.0 (Yoast SEO v27.5) - https://yoast.com/product/yoast-seo-premium-wordpress/ -->
<title>Sección Consular - Sección Consular de la Embajada del Perú en Suiza</title>
<meta name="robots" content="index, follow, max-snippet:-1, max-image-preview:large, max-video-preview:-1" />
<link rel="canonical" href="https://www.embaperu.ch/consulado/organizador/seccion-consular/" />
<meta property="og:locale" content="es_ES" />
<meta property="og:type" content="article" />
<meta property="og:title" content="Sección Consular" />
<meta property="og:url" content="https://www.embaperu.ch/consulado/organizador/seccion-consular/" />
<meta property="og:site_name" content="Sección Consular de la Embajada del Perú en Suiza" />
<meta property="article:publisher" content="https://www.facebook.com/EmbajadaPeruSuiza/" />
<meta name="twitter:card" content="summary_large_image" />
<meta name="twitter:site" content="@Peruensuiza" />
<script type="application/ld+json" class="yoast-schema-graph">{"@context":"https:\/\/schema.org","@graph":[{"@type":"WebPage","@id":"https:\/\/www.embaperu.ch\/consulado\/organizador\/seccion-consular\/","url":"https:\/\/www.embaperu.ch\/consulado\/organizador\/seccion-consular\/","name":"Sección Consular - Sección Consular de la Embajada del Perú en Suiza","isPartOf":{"@id":"https:\/\/www.embaperu.ch\/consulado\/#website"},"datePublished":"2023-01-07T10:52:45+00:00","breadcrumb":{"@id":"https:\/\/www.embaperu.ch\/consulado\/organizador\/seccion-consular\/#breadcrumb"},"inLanguage":"es","potentialAction":[{"@type":"ReadAction","target":["https:\/\/www.embaperu.ch\/consulado\/organizador\/seccion-consular\/"]}]},{"@type":"BreadcrumbList","@id":"https:\/\/www.embaperu.ch\/consulado\/organizador\/seccion-consular\/#breadcrumb","itemListElement":[{"@type":"ListItem","position":1,"name":"Portada","item":"https:\/\/www.embaperu.ch\/consulado\/"},{"@type":"ListItem","position":2,"name":"Sección Consular"}]},{"@type":"WebSite","@id":"https:\/\/www.embaperu.ch\/consulado\/#website","url":"https:\/\/www.embaperu.ch\/consulado\/","name":"Sección Consular de la Embajada del Perú en Suiza","description":"Sistema de reserva de citas","publisher":{"@id":"https:\/\/www.embaperu.ch\/consulado\/#organization"},"alternateName":"Sección Consular en Berna","potentialAction":[{"@type":"SearchAction","target":{"@type":"EntryPoint","urlTemplate":"https:\/\/www.embaperu.ch\/consulado\/?s={search_term_string}"},"query-input":{"@type":"PropertyValueSpecification","valueRequired":true,"valueName":"search_term_string"}}],"inLanguage":"es"},{"@type":"Organization","@id":"https:\/\/www.embaperu.ch\/consulado\/#organization","name":"Sección Consular de la Embajada del Perú en Suiza","alternateName":"Sección Consular en Berna","url":"https:\/\/www.embaperu.ch\/consulado\/","logo":{"@type":"ImageObject","inLanguage":"es","@id":"https:\/\/www.embaperu.ch\/consulado\/#\/schema\/logo\/image\/","url":"https:\/\/www.embaperu.ch\/consulado\/wp-content\/uploads\/2023\/01\/logo-embaperu-Seccion-Consular.png","contentUrl":"https:\/\/www.embaperu.ch\/consulado\/wp-content\/uploads\/2023\/01\/logo-embaperu-Seccion-Consular.png","width":942,"height":789,"caption":"Sección Consular de la Embajada del Perú en Suiza"},"image":{"@id":"https:\/\/www.embaperu.ch\/consulado\/#\/schema\/logo\/image\/"},"sameAs":["https:\/\/www.facebook.com\/EmbajadaPeruSuiza\/","https:\/\/x.com\/Peruensuiza","https:\/\/www.instagram.com\/embajadaperusuiza\/"],"description":"Sección Consular de la Embajada del Perú en Suiza","email":"consulado@embaperu.ch","legalName":"Embajada del Perú en Suiza","numberOfEmployees":{"@type":"QuantitativeValue","minValue":"1","maxValue":"10"}}]}</script>
<!-- / Yoast SEO Premium plugin. -->

Sección Consular - Sección Consular de la Embajada del Perú en Suiza

Sección Consular de la Embajada del Perú en Suiza

Sección Consular en Berna

Embajada del Perú en Suiza
